{"id":471,"date":"2021-12-22T09:26:12","date_gmt":"2021-12-22T08:26:12","guid":{"rendered":"https:\/\/kortowiada.pl\/?page_id=471"},"modified":"2023-01-08T19:45:15","modified_gmt":"2023-01-08T18:45:15","slug":"kontakt","status":"publish","type":"page","link":"https:\/\/archiwum.kortowiada.pl\/2023\/kontakt\/","title":{"rendered":"Kontakt"},"content":{"rendered":"\t\t<div data-elementor-type=\"wp-page\" data-elementor-id=\"471\" class=\"elementor elementor-471\">\n\t\t\t\t\t\t\t\t\t<section class=\"elementor-section elementor-top-section elementor-element elementor-element-17338f2 elementor-section-boxed elementor-section-height-default elementor-section-height-default\" data-id=\"17338f2\" data-element_type=\"section\" data-settings=\"{&quot;background_background&quot;:&quot;classic&quot;}\">\n\t\t\t\t\t\t\t<div class=\"elementor-background-overlay\"><\/div>\n\t\t\t\t\t\t\t<div class=\"elementor-container elementor-column-gap-default\">\n\t\t\t\t\t<div class=\"elementor-column elementor-col-50 elementor-top-column elementor-element elementor-element-79f661a\" data-id=\"79f661a\" data-element_type=\"column\">\n\t\t\t<div class=\"elementor-widget-wrap elementor-element-populated\">\n\t\t\t\t\t\t\t\t<div class=\"elementor-element elementor-element-6c71ebe elementor-absolute elementor-widget elementor-widget-heading\" data-id=\"6c71ebe\" data-element_type=\"widget\" data-settings=\"{&quot;ekit_we_effect_on&quot;:&quot;onscroll&quot;,&quot;ekit_we_scroll_animation&quot;:&quot;translateX&quot;,&quot;ekit_we_scroll_animation_value&quot;:350,&quot;_position&quot;:&quot;absolute&quot;,&quot;motion_fx_motion_fx_scrolling&quot;:&quot;yes&quot;,&quot;motion_fx_translateX_effect&quot;:&quot;yes&quot;,&quot;ekit_we_on_test_mode&quot;:&quot;on&quot;,&quot;ekit_we_scroll_smoothness&quot;:700,&quot;ekit_we_scroll_offsettop&quot;:0,&quot;ekit_we_scroll_offsetbottom&quot;:0,&quot;motion_fx_translateX_speed&quot;:{&quot;unit&quot;:&quot;px&quot;,&quot;size&quot;:4,&quot;sizes&quot;:[]},&quot;motion_fx_translateX_affectedRange&quot;:{&quot;unit&quot;:&quot;%&quot;,&quot;size&quot;:&quot;&quot;,&quot;sizes&quot;:{&quot;start&quot;:0,&quot;end&quot;:100}},&quot;motion_fx_devices&quot;:[&quot;desktop&quot;,&quot;tablet&quot;,&quot;mobile&quot;]}\" data-widget_type=\"heading.default\">\n\t\t\t\t<div class=\"elementor-widget-container\">\n\t\t\t<style>\/*! elementor - v3.12.1 - 02-04-2023 *\/\n.elementor-heading-title{padding:0;margin:0;line-height:1}.elementor-widget-heading .elementor-heading-title[class*=elementor-size-]>a{color:inherit;font-size:inherit;line-height:inherit}.elementor-widget-heading .elementor-heading-title.elementor-size-small{font-size:15px}.elementor-widget-heading .elementor-heading-title.elementor-size-medium{font-size:19px}.elementor-widget-heading .elementor-heading-title.elementor-size-large{font-size:29px}.elementor-widget-heading .elementor-heading-title.elementor-size-xl{font-size:39px}.elementor-widget-heading .elementor-heading-title.elementor-size-xxl{font-size:59px}<\/style><h2 class=\"elementor-heading-title elementor-size-default\">porozmawiajmy<\/h2>\t\t<\/div>\n\t\t\t\t<\/div>\n\t\t\t\t<section class=\"elementor-section elementor-inner-section elementor-element elementor-element-5f831cc elementor-section-boxed elementor-section-height-default elementor-section-height-default\" data-id=\"5f831cc\" data-element_type=\"section\">\n\t\t\t\t\t\t\t<div class=\"elementor-background-overlay\"><\/div>\n\t\t\t\t\t\t\t<div class=\"elementor-container elementor-column-gap-default\">\n\t\t\t\t\t<div class=\"elementor-column elementor-col-100 elementor-inner-column elementor-element elementor-element-f3a3f22\" data-id=\"f3a3f22\" data-element_type=\"column\">\n\t\t\t<div class=\"elementor-widget-wrap elementor-element-populated\">\n\t\t\t\t\t\t\t\t<div class=\"elementor-element elementor-element-9f3ee00 elementor-widget elementor-widget-exhibz-topics\" data-id=\"9f3ee00\" data-element_type=\"widget\" data-settings=\"{&quot;ekit_we_effect_on&quot;:&quot;none&quot;}\" data-widget_type=\"exhibz-topics.default\">\n\t\t\t\t<div class=\"elementor-widget-container\">\n\t\t\t \n    <div class=\"single-topics\">\n        <h3 class=\"ts-title\">Skontaktuj si\u0119 z nami!<\/h3>\n        <p>\n            ul. Kanafojskiego 1, pok. 06 <br>10-722 Olsztyn\n<br>\n<a href=\"mailto:biuro@kortowiada.pl\">biuro@kortowiada.pl<\/a>        <\/p>\n        <a href=\"mailto:biuro@kortowiada.pl\" rel=\"noreferrer\" class=\"topics-link\">\n            <i class=\"icon icon-map\"><\/i>\n        <\/a>\n    <\/div><!-- single intro text end-->\n    \n    \t\t<\/div>\n\t\t\t\t<\/div>\n\t\t\t\t\t<\/div>\n\t\t<\/div>\n\t\t\t\t\t\t\t<\/div>\n\t\t<\/section>\n\t\t\t\t<div class=\"elementor-element elementor-element-d9d1068 elementor-widget elementor-widget-exhibz-topics\" data-id=\"d9d1068\" data-element_type=\"widget\" data-settings=\"{&quot;ekit_we_effect_on&quot;:&quot;none&quot;}\" data-widget_type=\"exhibz-topics.default\">\n\t\t\t\t<div class=\"elementor-widget-container\">\n\t\t\t \n    <div class=\"single-topics\">\n        <h3 class=\"ts-title\">Rzecznik prasowy, media:<\/h3>\n        <p>\n            <a href=\"mailto:rzecznik@kortowiada.pl\">rzecznik@kortowiada.pl<\/a>        <\/p>\n        <a href=\"mailto:rzecznik@kortowiada.pl\" rel=\"noreferrer\" class=\"topics-link\">\n            <i class=\"icon icon-paper-plane\"><\/i>\n        <\/a>\n    <\/div><!-- single intro text end-->\n    \n    \t\t<\/div>\n\t\t\t\t<\/div>\n\t\t\t\t<div class=\"elementor-element elementor-element-c0d5d72 elementor-widget elementor-widget-exhibz-topics\" data-id=\"c0d5d72\" data-element_type=\"widget\" data-settings=\"{&quot;ekit_we_effect_on&quot;:&quot;none&quot;}\" data-widget_type=\"exhibz-topics.default\">\n\t\t\t\t<div class=\"elementor-widget-container\">\n\t\t\t \n    <div class=\"single-topics\">\n        <h3 class=\"ts-title\">Sponsorzy, partnerzy<\/h3>\n        <p>\n            <a href=\"mailto:piotr.walejko@kortowiada.pl\">piotr.walejko@kortowiada.pl<\/a>        <\/p>\n        <a href=\"mailto:piotr.walejko@kortowiada.pl\" rel=\"noreferrer\" class=\"topics-link\">\n            <i class=\"icon icon-paper-plane\"><\/i>\n        <\/a>\n    <\/div><!-- single intro text end-->\n    \n    \t\t<\/div>\n\t\t\t\t<\/div>\n\t\t\t\t<div class=\"elementor-element elementor-element-50d3731 elementor-widget elementor-widget-exhibz-topics\" data-id=\"50d3731\" data-element_type=\"widget\" data-settings=\"{&quot;ekit_we_effect_on&quot;:&quot;none&quot;}\" data-widget_type=\"exhibz-topics.default\">\n\t\t\t\t<div class=\"elementor-widget-container\">\n\t\t\t \n    <div class=\"single-topics\">\n        <h3 class=\"ts-title\">Gastronomia, wystawcy<\/h3>\n        <p>\n            <a href=\"mailto:stoiska@kortowiada.pl\">stoiska@kortowiada.pl<\/a>        <\/p>\n        <a href=\"mailto:stoiska@kortowiada.pl\" rel=\"noreferrer\" class=\"topics-link\">\n            <i class=\"icon icon-paper-plane\"><\/i>\n        <\/a>\n    <\/div><!-- single intro text end-->\n    \n    \t\t<\/div>\n\t\t\t\t<\/div>\n\t\t\t\t\t<\/div>\n\t\t<\/div>\n\t\t\t\t<div class=\"elementor-column elementor-col-50 elementor-top-column elementor-element elementor-element-00a1e9f\" data-id=\"00a1e9f\" data-element_type=\"column\">\n\t\t\t<div class=\"elementor-widget-wrap elementor-element-populated\">\n\t\t\t\t\t\t\t\t<div class=\"elementor-element elementor-element-a2de22c elementor-widget elementor-widget-elementskit-heading\" data-id=\"a2de22c\" data-element_type=\"widget\" data-settings=\"{&quot;ekit_we_effect_on&quot;:&quot;none&quot;}\" data-widget_type=\"elementskit-heading.default\">\n\t\t\t\t<div class=\"elementor-widget-container\">\n\t\t\t<div class=\"ekit-wid-con\" ><div class=\"ekit-heading elementskit-section-title-wraper text_center   ekit_heading_tablet-   ekit_heading_mobile-\"><h3 class=\"elementskit-section-subtitle  \">\n\t\t\t\t\t\tZANIM ZADASZ PYTANIE\n\t\t\t\t\t<\/h3><a href=\"https:\/\/kortowiada.pl\/faq\"><h2 class=\"ekit-heading--title elementskit-section-title \">PRZECZYTAJ FAQ<\/h2><\/a><div class=\"ekit_heading_separetor_wraper ekit_heading_elementskit-border-divider\"><div class=\"elementskit-border-divider\"><\/div><\/div><\/div><\/div>\t\t<\/div>\n\t\t\t\t<\/div>\n\t\t\t\t<div class=\"elementor-element elementor-element-9e08fe4 elementor-widget elementor-widget-exhibz-title\" data-id=\"9e08fe4\" data-element_type=\"widget\" data-settings=\"{&quot;ekit_we_effect_on&quot;:&quot;none&quot;}\" data-widget_type=\"exhibz-title.default\">\n\t\t\t\t<div class=\"elementor-widget-container\">\n\t\t\t\n    <div class=\"title-section-area\">\n        <h2 class=\"section-title\">\n            <span class=\"sub-title\"><\/span>\n\t\t\tWy\u015blij wiadomo\u015b\u0107        <\/h2>\n\t\t                    <span class=\"title-shape\">\n                  <svg xmlns='http:\/\/www.w3.org\/2000\/svg' xmlns:xlink='http:\/\/www.w3.org\/1999\/xlink' width='71px' height='11px'> <path fill-rule='evenodd' d='M59.669,10.710 L49.164,3.306 L39.428,10.681 L29.714,3.322 L20.006,10.682 L10.295,3.322 L1.185,10.228 L-0.010,8.578 L10.295,0.765 L20.006,8.125 L29.714,0.765 L39.428,8.125 L49.122,0.781 L59.680,8.223 L69.858,1.192 L70.982,2.895 L59.669,10.710 Z'\/><\/svg>\n            <\/span>\n                    <\/div><!-- Section title -->\n    \n    \n\n    \t\t<\/div>\n\t\t\t\t<\/div>\n\t\t\t\t<div class=\"elementor-element elementor-element-c2fb20b elementor-widget elementor-widget-shortcode\" data-id=\"c2fb20b\" data-element_type=\"widget\" data-settings=\"{&quot;ekit_we_effect_on&quot;:&quot;none&quot;}\" data-widget_type=\"shortcode.default\">\n\t\t\t\t<div class=\"elementor-widget-container\">\n\t\t\t\t\t<div class=\"elementor-shortcode\">\n<div class=\"wpcf7 no-js\" id=\"wpcf7-f470-o1\" lang=\"en-US\" dir=\"ltr\">\n<div class=\"screen-reader-response\"><p role=\"status\" aria-live=\"polite\" aria-atomic=\"true\"><\/p> <ul><\/ul><\/div>\n<form action=\"\/2023\/wp-json\/wp\/v2\/pages\/471#wpcf7-f470-o1\" method=\"post\" class=\"wpcf7-form init\" aria-label=\"Contact form\" novalidate=\"novalidate\" data-status=\"init\">\n<div style=\"display: none;\">\n<input type=\"hidden\" name=\"_wpcf7\" value=\"470\" \/>\n<input type=\"hidden\" name=\"_wpcf7_version\" value=\"5.8\" \/>\n<input type=\"hidden\" name=\"_wpcf7_locale\" value=\"en_US\" \/>\n<input type=\"hidden\" name=\"_wpcf7_unit_tag\" value=\"wpcf7-f470-o1\" \/>\n<input type=\"hidden\" name=\"_wpcf7_container_post\" value=\"0\" \/>\n<input type=\"hidden\" name=\"_wpcf7_posted_data_hash\" value=\"\" \/>\n<\/div>\n<div class=\"ts-contact-form sidebar-widgets\">\n\t<div class=\"ts-form-group \">\n\t\t<div class=\"ts-form contactMe\">\n\t\t\t<div class=\"row form-group\">\n\t\t\t\t<div class=\"col-lg-6\">\n\t\t\t\t\t<p><span class=\"wpcf7-form-control-wrap\" data-name=\"imie\"><input size=\"40\" class=\"wpcf7-form-control wpcf7-text form-control mb-3 field\" aria-invalid=\"false\" placeholder=\"Imi\u0119\" value=\"\" type=\"text\" name=\"imie\" \/><\/span>\n\t\t\t\t\t<\/p>\n\t\t\t\t<\/div>\n\t\t\t\t<div class=\"col-lg\">\n\t\t\t\t\t<p><span class=\"wpcf7-form-control-wrap\" data-name=\"telefon\"><input size=\"40\" class=\"wpcf7-form-control wpcf7-tel wpcf7-validates-as-required wpcf7-text wpcf7-validates-as-tel form-control field\" aria-required=\"true\" aria-invalid=\"false\" placeholder=\"Telefon\" value=\"\" type=\"tel\" name=\"telefon\" \/><\/span>\n\t\t\t\t\t<\/p>\n\t\t\t\t<\/div>\n\t\t\t<\/div>\n\t\t\t<div class=\"row form-group\">\n\t\t\t\t<div class=\"col-lg-6\">\n\t\t\t\t\t<p><span class=\"wpcf7-form-control-wrap\" data-name=\"adresemail\"><input size=\"40\" class=\"wpcf7-form-control wpcf7-email wpcf7-validates-as-required wpcf7-text wpcf7-validates-as-email form-control mb-3 field\" aria-required=\"true\" aria-invalid=\"false\" placeholder=\"E-mail\" value=\"\" type=\"email\" name=\"adresemail\" \/><\/span>\n\t\t\t\t\t<\/p>\n\t\t\t\t<\/div>\n\t\t\t\t<div class=\"col-lg\">\n\t\t\t\t\t<p><span class=\"wpcf7-form-control-wrap\" data-name=\"temat\"><input size=\"40\" class=\"wpcf7-form-control wpcf7-text form-control field\" aria-invalid=\"false\" placeholder=\"Temat\" value=\"\" type=\"text\" name=\"temat\" \/><\/span>\n\t\t\t\t\t<\/p>\n\t\t\t\t<\/div>\n\t\t\t<\/div>\n\t\t\t<div class=\"ts-btn-wraper text-center\">\n\t\t\t\t<p><span class=\"wpcf7-form-control-wrap\" data-name=\"tresc\"><textarea cols=\"40\" rows=\"10\" class=\"wpcf7-form-control wpcf7-textarea wpcf7-validates-as-required form-control message-box field\" aria-required=\"true\" aria-invalid=\"false\" placeholder=\"Tre\u015b\u0107 wiadomo\u015bci\" name=\"tresc\"><\/textarea><\/span>\n\t\t\t\t<\/p>\n\t\t\t<\/div>\n\t\t\t<p><input type=\"hidden\" name=\"_wpcf7_captcha_challenge_captcha-1\" value=\"2266635721\" \/><img decoding=\"async\" class=\"wpcf7-form-control wpcf7-captchac wpcf7-captcha-captcha-1\" width=\"72\" height=\"24\" alt=\"captcha\" src=\"https:\/\/archiwum.kortowiada.pl\/2023\/wp-content\/uploads\/wpcf7_captcha\/2266635721.png\" \/><span class=\"wpcf7-form-control-wrap\" data-name=\"captcha-1\"><input size=\"40\" class=\"wpcf7-form-control wpcf7-captchar\" autocomplete=\"off\" aria-invalid=\"false\" value=\"\" type=\"text\" name=\"captcha-1\" \/><\/span>\n\t\t\t<\/p>\n\t\t\t<div class=\"ts-btn-wraper text-center\">\n\t\t\t\t<p><input class=\"wpcf7-form-control wpcf7-submit has-spinner btn\" type=\"submit\" value=\"Wy\u015blij wiadomo\u015b\u0107\" \/>\n\t\t\t\t<\/p>\n\t\t\t<\/div>\n\t\t\t<div class=\"msg\">\n\t\t\t<\/div>\n\t\t<\/div>\n\t<\/div>\n<\/div><div class=\"wpcf7-response-output\" aria-hidden=\"true\"><\/div>\n<\/form>\n<\/div>\n<\/div>\n\t\t\t\t<\/div>\n\t\t\t\t<\/div>\n\t\t\t\t\t<\/div>\n\t\t<\/div>\n\t\t\t\t\t\t\t<\/div>\n\t\t<\/section>\n\t\t\t\t<section class=\"elementor-section elementor-top-section elementor-element elementor-element-8f08c2c elementor-section-full_width elementor-section-height-default elementor-section-height-default\" data-id=\"8f08c2c\" data-element_type=\"section\">\n\t\t\t\t\t\t<div class=\"elementor-container elementor-column-gap-no\">\n\t\t\t\t\t<div class=\"elementor-column elementor-col-100 elementor-top-column elementor-element elementor-element-b5a1ec0\" data-id=\"b5a1ec0\" data-element_type=\"column\">\n\t\t\t<div class=\"elementor-widget-wrap elementor-element-populated\">\n\t\t\t\t\t\t\t\t<div class=\"elementor-element elementor-element-d88ecbe elementor-widget elementor-widget-html\" data-id=\"d88ecbe\" data-element_type=\"widget\" data-settings=\"{&quot;ekit_we_effect_on&quot;:&quot;none&quot;}\" data-widget_type=\"html.default\">\n\t\t\t\t<div class=\"elementor-widget-container\">\n\t\t\t<iframe class=\"map\" src=\"https:\/\/www.google.com\/maps\/embed?pb=!1m18!1m12!1m3!1d2358.926063677498!2d20.456628499999987!3d53.7551996!2m3!1f0!2f0!3f0!3m2!1i1024!2i768!4f13.1!3m3!1m2!1s0x46e27f365606505b%3A0xee3b3beafe5712c6!2sCzes%C5%82awa%20Kanafojskiego%201%2C%2011-041%20Olsztyn!5e0!3m2!1spl!2spl!4v1673203125569!5m2!1spl!2spl\" width=\"600\" height=\"500\" style=\"border:0;\" allowfullscreen=\"\" loading=\"lazy\" referrerpolicy=\"no-referrer-when-downgrade\"><\/iframe>\t\t<\/div>\n\t\t\t\t<\/div>\n\t\t\t\t\t<\/div>\n\t\t<\/div>\n\t\t\t\t\t\t\t<\/div>\n\t\t<\/section>\n\t\t\t\t\t\t\t<\/div>\n\t\t","protected":false},"excerpt":{"rendered":"<p>porozmawiajmy Skontaktuj si\u0119 z nami! ul. Kanafojskiego 1, pok. 06 10-722 Olsztyn biuro@kortowiada.pl Rzecznik prasowy, media: rzecznik@kortowiada.pl Sponsorzy, partnerzy piotr.walejko@kortowiada.pl Gastronomia, wystawcy stoiska@kortowiada.pl ZANIM ZADASZ PYTANIE PRZECZYTAJ FAQ Wy\u015blij wiadomo\u015b\u0107<\/p>\n","protected":false},"author":1,"featured_media":1676,"parent":0,"menu_order":0,"comment_status":"closed","ping_status":"closed","template":"elementor_header_footer","meta":{"footnotes":""},"class_list":["post-471","page","type-page","status-publish","has-post-thumbnail","hentry"],"yoast_head":"<!-- This site is optimized with the Yoast SEO Premium plugin v20.8 (Yoast SEO v21.1) - https:\/\/yoast.com\/wordpress\/plugins\/seo\/ -->\n<title>Kontakt - Archiwum 2023 - Kortowiada - najwi\u0119kszy festiwal studencki w Polsce<\/title>\n<meta name=\"description\" content=\"Kortowiada - najwi\u0119ksze juwenalia w Polsce. 62. edycja festiwalu studenckiego. 24-27 maja 2023, Olsztyn, Kortowo. Juwenalia 2023 w Olsztynie.\" \/>\n<meta name=\"robots\" content=\"index, follow, max-snippet:-1, max-image-preview:large, max-video-preview:-1\" \/>\n<link rel=\"canonical\" href=\"https:\/\/archiwum.kortowiada.pl\/2023\/kontakt\/\" \/>\n<meta property=\"og:locale\" content=\"pl_PL\" \/>\n<meta property=\"og:type\" content=\"article\" \/>\n<meta property=\"og:title\" content=\"Kontakt\" \/>\n<meta property=\"og:description\" content=\"Kortowiada - najwi\u0119ksze juwenalia w Polsce. 62. edycja festiwalu studenckiego. 24-27 maja 2023, Olsztyn, Kortowo. Juwenalia 2023 w Olsztynie.\" \/>\n<meta property=\"og:url\" content=\"https:\/\/archiwum.kortowiada.pl\/2023\/kontakt\/\" \/>\n<meta property=\"og:site_name\" content=\"Archiwum 2023 - Kortowiada - najwi\u0119kszy festiwal studencki w Polsce\" \/>\n<meta property=\"article:publisher\" content=\"https:\/\/www.facebook.com\/kortowiadafestiwal\" \/>\n<meta property=\"article:modified_time\" content=\"2023-01-08T18:45:15+00:00\" \/>\n<meta property=\"og:image\" content=\"https:\/\/archiwum.kortowiada.pl\/2023\/wp-content\/uploads\/2022\/12\/1920x1080.jpg\" \/>\n\t<meta property=\"og:image:width\" content=\"1920\" \/>\n\t<meta property=\"og:image:height\" content=\"1080\" \/>\n\t<meta property=\"og:image:type\" content=\"image\/jpeg\" \/>\n<meta name=\"twitter:card\" content=\"summary_large_image\" \/>\n<meta name=\"twitter:label1\" content=\"Szacowany czas czytania\" \/>\n\t<meta name=\"twitter:data1\" content=\"1 minuta\" \/>\n<script type=\"application\/ld+json\" class=\"yoast-schema-graph\">{\"@context\":\"https:\/\/schema.org\",\"@graph\":[{\"@type\":\"WebPage\",\"@id\":\"https:\/\/archiwum.kortowiada.pl\/2023\/kontakt\/\",\"url\":\"https:\/\/archiwum.kortowiada.pl\/2023\/kontakt\/\",\"name\":\"Kontakt - Archiwum 2023 - Kortowiada - najwi\u0119kszy festiwal studencki w Polsce\",\"isPartOf\":{\"@id\":\"https:\/\/archiwum.kortowiada.pl\/2023\/#website\"},\"datePublished\":\"2021-12-22T08:26:12+00:00\",\"dateModified\":\"2023-01-08T18:45:15+00:00\",\"description\":\"Kortowiada - najwi\u0119ksze juwenalia w Polsce. 62. edycja festiwalu studenckiego. 24-27 maja 2023, Olsztyn, Kortowo. Juwenalia 2023 w Olsztynie.\",\"breadcrumb\":{\"@id\":\"https:\/\/archiwum.kortowiada.pl\/2023\/kontakt\/#breadcrumb\"},\"inLanguage\":\"pl-PL\",\"potentialAction\":[{\"@type\":\"ReadAction\",\"target\":[\"https:\/\/archiwum.kortowiada.pl\/2023\/kontakt\/\"]}]},{\"@type\":\"BreadcrumbList\",\"@id\":\"https:\/\/archiwum.kortowiada.pl\/2023\/kontakt\/#breadcrumb\",\"itemListElement\":[{\"@type\":\"ListItem\",\"position\":1,\"name\":\"Strona g\u0142\u00f3wna\",\"item\":\"https:\/\/archiwum.kortowiada.pl\/2023\/\"},{\"@type\":\"ListItem\",\"position\":2,\"name\":\"Kontakt\"}]},{\"@type\":\"WebSite\",\"@id\":\"https:\/\/archiwum.kortowiada.pl\/2023\/#website\",\"url\":\"https:\/\/archiwum.kortowiada.pl\/2023\/\",\"name\":\"Kortowiada 2023\",\"description\":\"Archiwum 2023 -  24-27 , 62. edycja - juwenalia Olsztyn\",\"publisher\":{\"@id\":\"https:\/\/archiwum.kortowiada.pl\/2023\/#organization\"},\"alternateName\":\"festiwal studencki, juwenalia w Olsztynie\",\"potentialAction\":[{\"@type\":\"SearchAction\",\"target\":{\"@type\":\"EntryPoint\",\"urlTemplate\":\"https:\/\/archiwum.kortowiada.pl\/2023\/?s={search_term_string}\"},\"query-input\":\"required name=search_term_string\"}],\"inLanguage\":\"pl-PL\"},{\"@type\":\"Organization\",\"@id\":\"https:\/\/archiwum.kortowiada.pl\/2023\/#organization\",\"name\":\"Kortowiada - festiwal studencki, juwenalia Olsztyn\",\"alternateName\":\"Juwenalia w Olsztynie 2023\",\"url\":\"https:\/\/archiwum.kortowiada.pl\/2023\/\",\"logo\":{\"@type\":\"ImageObject\",\"inLanguage\":\"pl-PL\",\"@id\":\"https:\/\/archiwum.kortowiada.pl\/2023\/#\/schema\/logo\/image\/\",\"url\":\"https:\/\/kortowiada.pl\/wp-content\/uploads\/2022\/12\/wydarzenie-fb.jpg\",\"contentUrl\":\"https:\/\/kortowiada.pl\/wp-content\/uploads\/2022\/12\/wydarzenie-fb.jpg\",\"width\":1200,\"height\":628,\"caption\":\"Kortowiada - festiwal studencki, juwenalia Olsztyn\"},\"image\":{\"@id\":\"https:\/\/archiwum.kortowiada.pl\/2023\/#\/schema\/logo\/image\/\"},\"sameAs\":[\"https:\/\/www.facebook.com\/kortowiadafestiwal\",\"https:\/\/www.instagram.com\/kortowiada\/\",\"https:\/\/www.tiktok.com\/@kortowiada\",\"https:\/\/www.youtube.com\/channel\/UCZpuhjpJ2XlHxcbT4N2oyFQ\"]}]}<\/script>\n<!-- \/ Yoast SEO Premium plugin. -->","yoast_head_json":{"title":"Kontakt - Archiwum 2023 - Kortowiada - najwi\u0119kszy festiwal studencki w Polsce","description":"Kortowiada - najwi\u0119ksze juwenalia w Polsce. 62. edycja festiwalu studenckiego. 24-27 maja 2023, Olsztyn, Kortowo. Juwenalia 2023 w Olsztynie.","robots":{"index":"index","follow":"follow","max-snippet":"max-snippet:-1","max-image-preview":"max-image-preview:large","max-video-preview":"max-video-preview:-1"},"canonical":"https:\/\/archiwum.kortowiada.pl\/2023\/kontakt\/","og_locale":"pl_PL","og_type":"article","og_title":"Kontakt","og_description":"Kortowiada - najwi\u0119ksze juwenalia w Polsce. 62. edycja festiwalu studenckiego. 24-27 maja 2023, Olsztyn, Kortowo. Juwenalia 2023 w Olsztynie.","og_url":"https:\/\/archiwum.kortowiada.pl\/2023\/kontakt\/","og_site_name":"Archiwum 2023 - Kortowiada - najwi\u0119kszy festiwal studencki w Polsce","article_publisher":"https:\/\/www.facebook.com\/kortowiadafestiwal","article_modified_time":"2023-01-08T18:45:15+00:00","og_image":[{"width":1920,"height":1080,"url":"https:\/\/archiwum.kortowiada.pl\/2023\/wp-content\/uploads\/2022\/12\/1920x1080.jpg","type":"image\/jpeg"}],"twitter_card":"summary_large_image","twitter_misc":{"Szacowany czas czytania":"1 minuta"},"schema":{"@context":"https:\/\/schema.org","@graph":[{"@type":"WebPage","@id":"https:\/\/archiwum.kortowiada.pl\/2023\/kontakt\/","url":"https:\/\/archiwum.kortowiada.pl\/2023\/kontakt\/","name":"Kontakt - Archiwum 2023 - Kortowiada - najwi\u0119kszy festiwal studencki w Polsce","isPartOf":{"@id":"https:\/\/archiwum.kortowiada.pl\/2023\/#website"},"datePublished":"2021-12-22T08:26:12+00:00","dateModified":"2023-01-08T18:45:15+00:00","description":"Kortowiada - najwi\u0119ksze juwenalia w Polsce. 62. edycja festiwalu studenckiego. 24-27 maja 2023, Olsztyn, Kortowo. Juwenalia 2023 w Olsztynie.","breadcrumb":{"@id":"https:\/\/archiwum.kortowiada.pl\/2023\/kontakt\/#breadcrumb"},"inLanguage":"pl-PL","potentialAction":[{"@type":"ReadAction","target":["https:\/\/archiwum.kortowiada.pl\/2023\/kontakt\/"]}]},{"@type":"BreadcrumbList","@id":"https:\/\/archiwum.kortowiada.pl\/2023\/kontakt\/#breadcrumb","itemListElement":[{"@type":"ListItem","position":1,"name":"Strona g\u0142\u00f3wna","item":"https:\/\/archiwum.kortowiada.pl\/2023\/"},{"@type":"ListItem","position":2,"name":"Kontakt"}]},{"@type":"WebSite","@id":"https:\/\/archiwum.kortowiada.pl\/2023\/#website","url":"https:\/\/archiwum.kortowiada.pl\/2023\/","name":"Kortowiada 2023","description":"Archiwum 2023 -  24-27 , 62. edycja - juwenalia Olsztyn","publisher":{"@id":"https:\/\/archiwum.kortowiada.pl\/2023\/#organization"},"alternateName":"festiwal studencki, juwenalia w Olsztynie","potentialAction":[{"@type":"SearchAction","target":{"@type":"EntryPoint","urlTemplate":"https:\/\/archiwum.kortowiada.pl\/2023\/?s={search_term_string}"},"query-input":"required name=search_term_string"}],"inLanguage":"pl-PL"},{"@type":"Organization","@id":"https:\/\/archiwum.kortowiada.pl\/2023\/#organization","name":"Kortowiada - festiwal studencki, juwenalia Olsztyn","alternateName":"Juwenalia w Olsztynie 2023","url":"https:\/\/archiwum.kortowiada.pl\/2023\/","logo":{"@type":"ImageObject","inLanguage":"pl-PL","@id":"https:\/\/archiwum.kortowiada.pl\/2023\/#\/schema\/logo\/image\/","url":"https:\/\/kortowiada.pl\/wp-content\/uploads\/2022\/12\/wydarzenie-fb.jpg","contentUrl":"https:\/\/kortowiada.pl\/wp-content\/uploads\/2022\/12\/wydarzenie-fb.jpg","width":1200,"height":628,"caption":"Kortowiada - festiwal studencki, juwenalia Olsztyn"},"image":{"@id":"https:\/\/archiwum.kortowiada.pl\/2023\/#\/schema\/logo\/image\/"},"sameAs":["https:\/\/www.facebook.com\/kortowiadafestiwal","https:\/\/www.instagram.com\/kortowiada\/","https:\/\/www.tiktok.com\/@kortowiada","https:\/\/www.youtube.com\/channel\/UCZpuhjpJ2XlHxcbT4N2oyFQ"]}]}},"_links":{"self":[{"href":"https:\/\/archiwum.kortowiada.pl\/2023\/wp-json\/wp\/v2\/pages\/471","targetHints":{"allow":["GET"]}}],"collection":[{"href":"https:\/\/archiwum.kortowiada.pl\/2023\/wp-json\/wp\/v2\/pages"}],"about":[{"href":"https:\/\/archiwum.kortowiada.pl\/2023\/wp-json\/wp\/v2\/types\/page"}],"author":[{"embeddable":true,"href":"https:\/\/archiwum.kortowiada.pl\/2023\/wp-json\/wp\/v2\/users\/1"}],"replies":[{"embeddable":true,"href":"https:\/\/archiwum.kortowiada.pl\/2023\/wp-json\/wp\/v2\/comments?post=471"}],"version-history":[{"count":86,"href":"https:\/\/archiwum.kortowiada.pl\/2023\/wp-json\/wp\/v2\/pages\/471\/revisions"}],"predecessor-version":[{"id":2235,"href":"https:\/\/archiwum.kortowiada.pl\/2023\/wp-json\/wp\/v2\/pages\/471\/revisions\/2235"}],"wp:featuredmedia":[{"embeddable":true,"href":"https:\/\/archiwum.kortowiada.pl\/2023\/wp-json\/wp\/v2\/media\/1676"}],"wp:attachment":[{"href":"https:\/\/archiwum.kortowiada.pl\/2023\/wp-json\/wp\/v2\/media?parent=471"}],"curies":[{"name":"wp","href":"https:\/\/api.w.org\/{rel}","templated":true}]}}