{"id":2162,"date":"2023-06-15T17:33:48","date_gmt":"2023-06-15T15:33:48","guid":{"rendered":"https:\/\/wgl-demo.net\/itconf\/?page_id=2162"},"modified":"2024-04-02T17:29:10","modified_gmt":"2024-04-02T15:29:10","slug":"wydarzenia","status":"publish","type":"page","link":"https:\/\/archiwum.kortowiada.pl\/2024\/wydarzenia\/","title":{"rendered":"Wydarzenia"},"content":{"rendered":"<div class=\"em em-view-container\" id=\"em-view-33921462\" data-view=\"event\">\r\n\t<div class=\"em em-item em-item-single em-event em-event-single em-event-13 \" id=\"em-event-33921462\" data-view-id=\"33921462\">\r\n\t\t<div class=\"event-single_wrapper row\">\r\n        <div class=\"event-single_content wgl_col-3 calendar\">\r\n            <h6><i class=\"flaticon flaticon-calendar\"><\/i>DATA:<\/h6>\r\n            <p style=\"padding-left: 29px\">11-04-24 - 09-05-24<\/br>\r\n            21:00 - 00:00<\/p>\r\n        <\/div>\r\n        \r\n        <div class=\"event-single_content wgl_col-3 location\">\r\n            <h6><i class=\"flaticon flaticon-placeholder\"><\/i>MIEJSCE:<\/h6>\r\n            <p style=\"padding-left: 29px\"><a href=\"https:\/\/archiwum.kortowiada.pl\/2024\/lokalizacje\/carpenter-inn-irish-pub\/\">Carpenter Inn Irish Pub<\/a><\/p>\r\n        <\/div>\r\n        \r\n        \r\n        \r\n        <div class=\"wgl_col-12 wgl_delimeter\"><\/div>\r\n    <\/div>\r\n    <section class=\"em-event-content\">\r\n        \t\t<div data-elementor-type=\"wp-post\" data-elementor-id=\"4688\" class=\"elementor elementor-4688\">\n\t\t\t\t\t\t<section class=\"elementor-section elementor-top-section elementor-element elementor-element-2377f060 elementor-section-boxed elementor-section-height-default elementor-section-height-default\" data-id=\"2377f060\" data-element_type=\"section\">\n\t\t\t\t\t\t<div class=\"elementor-container elementor-column-gap-default\">\n\t\t\t\t\t<div class=\"elementor-column elementor-col-100 elementor-top-column elementor-element elementor-element-dfe22e7\" data-id=\"dfe22e7\" data-element_type=\"column\">\n\t\t\t<div class=\"elementor-widget-wrap elementor-element-populated\">\n\t\t\t\t\t\t<div class=\"elementor-element elementor-element-20f5cd4e elementor-widget elementor-widget-image\" data-id=\"20f5cd4e\" data-element_type=\"widget\" data-widget_type=\"image.default\">\n\t\t\t\t<div class=\"elementor-widget-container\">\n\t\t\t\t\t\t\t\t\t\t\t\t\t<img decoding=\"async\" src=\"https:\/\/kortowiada.pl\/wp-content\/uploads\/2023\/06\/Speed-Dating-www.jpg\" title=\"\" alt=\"\" loading=\"lazy\" \/>\t\t\t\t\t\t\t\t\t\t\t\t\t<\/div>\n\t\t\t\t<\/div>\n\t\t\t\t<div class=\"elementor-element elementor-element-1c3c2cf6 elementor-widget elementor-widget-spacer\" data-id=\"1c3c2cf6\" data-element_type=\"widget\" data-widget_type=\"spacer.default\">\n\t\t\t\t<div class=\"elementor-widget-container\">\n\t\t\t\t\t<div class=\"elementor-spacer\">\n\t\t\t<div class=\"elementor-spacer-inner\"><\/div>\n\t\t<\/div>\n\t\t\t\t<\/div>\n\t\t\t\t<\/div>\n\t\t\t\t\t<\/div>\n\t\t<\/div>\n\t\t\t\t\t<\/div>\n\t\t<\/section>\n\t\t\t\t<section class=\"elementor-section elementor-top-section elementor-element elementor-element-1dc89682 elementor-section-boxed elementor-section-height-default elementor-section-height-default\" data-id=\"1dc89682\" data-element_type=\"section\">\n\t\t\t\t\t\t<div class=\"elementor-container elementor-column-gap-default\">\n\t\t\t\t\t<div class=\"elementor-column elementor-col-50 elementor-top-column elementor-element elementor-element-35b66e28 sticky-sidebar\" data-id=\"35b66e28\" data-element_type=\"column\">\n\t\t\t<div class=\"elementor-widget-wrap elementor-element-populated\">\n\t\t\t\t\t\t<div class=\"elementor-element elementor-element-787f9484 aleft elementor-widget elementor-widget-wgl-double-heading\" data-id=\"787f9484\" data-element_type=\"widget\" data-widget_type=\"wgl-double-heading.default\">\n\t\t\t\t<div class=\"elementor-widget-container\">\n\t\t\t<div class=\"wgl-double-heading\"><div class=\"dblh__wrapper\"><h3 class=\"dblh__title-wrapper\"><span class=\"dblh__title dblh__title-1\">OPIS WYDARZENIA<\/span><\/h3><\/div><\/div>\t\t<\/div>\n\t\t\t\t<\/div>\n\t\t\t\t\t<\/div>\n\t\t<\/div>\n\t\t\t\t<div class=\"elementor-column elementor-col-50 elementor-top-column elementor-element elementor-element-2c620d3\" data-id=\"2c620d3\" data-element_type=\"column\">\n\t\t\t<div class=\"elementor-widget-wrap elementor-element-populated\">\n\t\t\t\t\t\t<div class=\"elementor-element elementor-element-6ff1beca elementor-widget elementor-widget-text-editor\" data-id=\"6ff1beca\" data-element_type=\"widget\" data-widget_type=\"text-editor.default\">\n\t\t\t\t<div class=\"elementor-widget-container\">\n\t\t\t\t\t\t\t<p style=\"text-align: justify;\">Dobra wiadomo\u015b\u0107 dla wszystkich utalentowanych wokalnie os\u00f3b, kt\u00f3rych marzeniem jest mo\u017cliwo\u015b\u0107 wyst\u0119pu na du\u017cej scenie \u2013 ju\u017c wkr\u00f3tce rusz\u0105 przes\u0142uchania w ramach Ajdola Kortowiady 2024!<\/p><p style=\"text-align: justify;\">Konkurs b\u0119dzie sk\u0142ada\u0142 si\u0119 tradycyjnie z dw\u00f3ch cz\u0119\u015bci, czyli z przes\u0142ucha\u0144, podczas kt\u00f3rych wy\u0142onieni zostan\u0105 najlepsi wokali\u015bci i fina\u0142u, w kt\u00f3rym zawalcz\u0105 o zwyci\u0119stwo. W Ajdolu b\u0119d\u0105 mog\u0142y wzi\u0105\u0107 udzia\u0142 wszystkie pe\u0142noletnie osoby, kt\u00f3re wype\u0142ni\u0142y formularz zg\u0142oszenia przez internet lub w wyznaczonym miejscu w czasie przes\u0142ucha\u0144.<\/p><p style=\"text-align: justify;\">W przes\u0142uchaniach ch\u0119tni b\u0119d\u0105 mogli wzi\u0105\u0107 udzia\u0142 w Irish Pub Carpenter Inn. w 3 kolejne czwartki, dok\u0142adnie 11, 18 oraz 25 kwietnia. Fina\u0142 natomiast odb\u0119dzie si\u0119 na Pla\u017cy Kortowskiej 9 maja.<\/p><p style=\"text-align: justify;\">Nagrod\u0105 g\u0142\u00f3wn\u0105 w konkursie jest wyst\u0119p na kortowiadowej Scenie G\u0142\u00f3wnej podczas Kortowiady 2024 oraz mo\u017cliwo\u015b\u0107 nagrania utworu w New Living Culture Studio.<\/p><p><a href=\"https:\/\/kortowiada.pl\/wp-content\/uploads\/2024\/04\/v3-Regulamin-2024-Ajdol.pdf\">Regulamin wydarzenia<\/a>.<\/p>\t\t\t\t\t\t<\/div>\n\t\t\t\t<\/div>\n\t\t\t\t<div class=\"elementor-element elementor-element-e19f8f5 elementor-widget elementor-widget-spacer\" data-id=\"e19f8f5\" data-element_type=\"widget\" data-widget_type=\"spacer.default\">\n\t\t\t\t<div class=\"elementor-widget-container\">\n\t\t\t\t\t<div class=\"elementor-spacer\">\n\t\t\t<div class=\"elementor-spacer-inner\"><\/div>\n\t\t<\/div>\n\t\t\t\t<\/div>\n\t\t\t\t<\/div>\n\t\t\t\t<div class=\"elementor-element elementor-element-43007e6c elementor-widget elementor-widget-spacer\" data-id=\"43007e6c\" data-element_type=\"widget\" data-widget_type=\"spacer.default\">\n\t\t\t\t<div class=\"elementor-widget-container\">\n\t\t\t\t\t<div class=\"elementor-spacer\">\n\t\t\t<div class=\"elementor-spacer-inner\"><\/div>\n\t\t<\/div>\n\t\t\t\t<\/div>\n\t\t\t\t<\/div>\n\t\t\t\t\t<\/div>\n\t\t<\/div>\n\t\t\t\t\t<\/div>\n\t\t<\/section>\n\t\t\t\t<section class=\"elementor-section elementor-top-section elementor-element elementor-element-e380290 elementor-section-boxed elementor-section-height-default elementor-section-height-default\" data-id=\"e380290\" data-element_type=\"section\">\n\t\t\t\t\t\t<div class=\"elementor-container elementor-column-gap-default\">\n\t\t\t\t\t<div class=\"elementor-column elementor-col-50 elementor-top-column elementor-element elementor-element-aac6161 sticky-sidebar\" data-id=\"aac6161\" data-element_type=\"column\">\n\t\t\t<div class=\"elementor-widget-wrap elementor-element-populated\">\n\t\t\t\t\t\t<div class=\"elementor-element elementor-element-2d9100c aleft elementor-widget elementor-widget-wgl-double-heading\" data-id=\"2d9100c\" data-element_type=\"widget\" data-widget_type=\"wgl-double-heading.default\">\n\t\t\t\t<div class=\"elementor-widget-container\">\n\t\t\t<div class=\"wgl-double-heading\"><div class=\"dblh__wrapper\"><h3 class=\"dblh__title-wrapper\"><span class=\"dblh__title dblh__title-1\">ZG\u0141OSZENIE<\/span><\/h3><\/div><\/div>\t\t<\/div>\n\t\t\t\t<\/div>\n\t\t\t\t\t<\/div>\n\t\t<\/div>\n\t\t\t\t<div class=\"elementor-column elementor-col-50 elementor-top-column elementor-element elementor-element-e21134c\" data-id=\"e21134c\" data-element_type=\"column\">\n\t\t\t<div class=\"elementor-widget-wrap elementor-element-populated\">\n\t\t\t\t\t\t<div class=\"elementor-element elementor-element-d49f999 elementor-widget elementor-widget-text-editor\" data-id=\"d49f999\" data-element_type=\"widget\" data-widget_type=\"text-editor.default\">\n\t\t\t\t<div class=\"elementor-widget-container\">\n\t\t\t\t\t\t\t\n<div class=\"wpcf7 no-js\" id=\"wpcf7-f4700-o1\" lang=\"en-US\" dir=\"ltr\">\n<div class=\"screen-reader-response\"><p role=\"status\" aria-live=\"polite\" aria-atomic=\"true\"><\/p> <ul><\/ul><\/div>\n<form action=\"\/2024\/wp-json\/wp\/v2\/pages\/2162#wpcf7-f4700-o1\" method=\"post\" class=\"wpcf7-form init\" aria-label=\"Contact form\" novalidate=\"novalidate\" data-status=\"init\">\n<div style=\"display: none;\">\n<input type=\"hidden\" name=\"_wpcf7\" value=\"4700\" \/>\n<input type=\"hidden\" name=\"_wpcf7_version\" value=\"5.9.8\" \/>\n<input type=\"hidden\" name=\"_wpcf7_locale\" value=\"en_US\" \/>\n<input type=\"hidden\" name=\"_wpcf7_unit_tag\" value=\"wpcf7-f4700-o1\" \/>\n<input type=\"hidden\" name=\"_wpcf7_container_post\" value=\"0\" \/>\n<input type=\"hidden\" name=\"_wpcf7_posted_data_hash\" value=\"\" \/>\n<input type=\"hidden\" name=\"_wpcf7_recaptcha_response\" value=\"\" \/>\n<\/div>\n<div class='row'>\n<div class='wgl_col-12'>\n<span class=\"wpcf7-form-control-wrap\" data-name=\"label-imienazwisko\"><input size=\"40\" maxlength=\"400\" class=\"wpcf7-form-control wpcf7-text wpcf7-validates-as-required\" aria-required=\"true\" aria-invalid=\"false\" placeholder=\"Imi\u0119 i nazwisko*\" value=\"\" type=\"text\" name=\"label-imienazwisko\" \/><\/span>\n<\/div>\n<div class='wgl_col-6'>\n<span class=\"wpcf7-form-control-wrap\" data-name=\"label-email\"><input size=\"40\" maxlength=\"400\" class=\"wpcf7-form-control wpcf7-email wpcf7-validates-as-required wpcf7-text wpcf7-validates-as-email\" aria-required=\"true\" aria-invalid=\"false\" placeholder=\"Adres e-mail*\" value=\"\" type=\"email\" name=\"label-email\" \/><\/span>\n<\/div>\n<div class='wgl_col-6'>\n<span class=\"wpcf7-form-control-wrap\" data-name=\"telefon\"><input size=\"40\" maxlength=\"400\" class=\"wpcf7-form-control wpcf7-tel wpcf7-validates-as-required wpcf7-text wpcf7-validates-as-tel\" aria-required=\"true\" aria-invalid=\"false\" placeholder=\"Telefon kontaktowy*\" value=\"\" type=\"tel\" name=\"telefon\" \/><\/span>\n<\/div>\n<div class='wgl_col-12'>\n<span class=\"wpcf7-form-control-wrap\" data-name=\"label-termin\"><input size=\"40\" maxlength=\"400\" class=\"wpcf7-form-control wpcf7-text wpcf7-validates-as-required\" aria-required=\"true\" aria-invalid=\"false\" placeholder=\"Preferowany termin przes\u0142ucha\u0144 (11, 18 lub 25 kwietnia)*\" value=\"\" type=\"text\" name=\"label-termin\" \/><\/span>\n<\/div>\n<div class='wgl_col-12'>\n<p>Wysy\u0142aj\u0105c zg\u0142oszenie akceptujesz <a href=\"https:\/\/kortowiada.pl\/wp-content\/uploads\/2024\/04\/Regulamin-2024-Ajdol.pdf\">regulamin wydarzenia.<\/a><\/p><br>\n<p>O\u015bwiadczam, \u017ce jestem osob\u0105 pe\u0142noletni\u0105.<\/p><br>\n<p>\n\nWyra\u017cam zgod\u0119 na przetwarzanie moich danych osobowych przez Uniwersytet Warmi\u0144sko-Mazurski w Olsztynie z siedzib\u0105 przy ul. Oczapowskiego 2, 10-719 Olsztyn w celu wzi\u0119cia udzia\u0142u w konkursie Ajdol 2024. O\u015bwiadczam, \u017ce zapozna\u0142em\/-am si\u0119 z informacjami dotycz\u0105cymi przetwarzania danych osobowych zawartymi w \u00a77 regulaminu wydarzenia.\n<\/p>\n\n<p><b>*<\/b> &#8211; pola obowi\u0105zkowe do wype\u0142nienia<\/p><br>\n<\/div>\n<div class='wgl_col-12'>\n<div class=\"wgl-button-cf7\">\n<input class=\"wpcf7-form-control wpcf7-submit has-spinner\" type=\"submit\" value=\"wy\u015blij\" \/>\n<i class=\"flaticon flaticon-right\"><\/i>\n\n<\/div>\n<\/div>\n<\/div><div class=\"wpcf7-response-output\" aria-hidden=\"true\"><\/div>\n<\/form>\n<\/div>\n\t\t\t\t\t\t<\/div>\n\t\t\t\t<\/div>\n\t\t\t\t<div class=\"elementor-element elementor-element-0db13e5 elementor-widget elementor-widget-spacer\" data-id=\"0db13e5\" data-element_type=\"widget\" data-widget_type=\"spacer.default\">\n\t\t\t\t<div class=\"elementor-widget-container\">\n\t\t\t\t\t<div class=\"elementor-spacer\">\n\t\t\t<div class=\"elementor-spacer-inner\"><\/div>\n\t\t<\/div>\n\t\t\t\t<\/div>\n\t\t\t\t<\/div>\n\t\t\t\t<div class=\"elementor-element elementor-element-ec523b1 elementor-widget elementor-widget-spacer\" data-id=\"ec523b1\" data-element_type=\"widget\" data-widget_type=\"spacer.default\">\n\t\t\t\t<div class=\"elementor-widget-container\">\n\t\t\t\t\t<div class=\"elementor-spacer\">\n\t\t\t<div class=\"elementor-spacer-inner\"><\/div>\n\t\t<\/div>\n\t\t\t\t<\/div>\n\t\t\t\t<\/div>\n\t\t\t\t\t<\/div>\n\t\t<\/div>\n\t\t\t\t\t<\/div>\n\t\t<\/section>\n\t\t\t\t<\/div>\n\t\t\r\n    <\/section>\r\n    \t<\/div>\r\n<\/div>\r\n\t","protected":false},"excerpt":{"rendered":"<p>11-04-24 &#8211; 09-05-24 @ 21:00 &#8211; 00:00 &#8211; WYDARZENIA allPrzed Kortowiad\u0105W trakcie Kortowiady Festiwal Gier Planszowych 25-05-24 \\ 13:00 &#8211; 17:00 Namiot przy Wydziale Humanistycznym Zdob\u0105d\u017a flag\u0119 24-05-24 \\ 15:00 &#8211; 17:00 Boisko przy starej p\u0119tli Speed Dating 24-05-24 \\ 13:00 &#8211; 17:00 Namiot przy Wydziale Humanistycznym Kortostrong 24-05-24 \\ 11:00 &#8211; 14:00 Boisko przy starej p\u0119tli Kino Plenerowe z T-Mobile 23-05-24 &#8211; [&#8230;]<\/p>\n","protected":false},"author":3,"featured_media":0,"parent":0,"menu_order":0,"comment_status":"closed","ping_status":"closed","template":"","meta":{"footnotes":""},"class_list":["post-2162","page","type-page","status-publish","hentry"],"yoast_head":"<!-- This site is optimized with the Yoast SEO Premium plugin v23.3 (Yoast SEO v23.4) - https:\/\/yoast.com\/wordpress\/plugins\/seo\/ -->\n<title>Wydarzenia - Kortowiada 2024 - najwi\u0119ksze juwenalia | 22-25 maja 2024, Olsztyn<\/title>\n<meta name=\"description\" content=\"Future is coming! Kortowiada - juwenalia w Olsztynie - potrwa od 22 do 25 maja 2024 roku. Zr\u00f3b z nami krok w przysz\u0142o\u015b\u0107.\" \/>\n<meta name=\"robots\" content=\"index, follow, max-snippet:-1, max-image-preview:large, max-video-preview:-1\" \/>\n<link rel=\"canonical\" href=\"https:\/\/archiwum.kortowiada.pl\/2024\/wydarzenia\/\" \/>\n<meta property=\"og:locale\" content=\"pl_PL\" \/>\n<meta property=\"og:type\" content=\"article\" \/>\n<meta property=\"og:title\" content=\"Wydarzenia - Kortowiada 2024 - najwi\u0119ksze juwenalia | 22-25 maja 2024, Olsztyn\" \/>\n<meta property=\"og:description\" content=\"Future is coming! Kortowiada - juwenalia w Olsztynie - potrwa od 22 do 25 maja 2024 roku. Zr\u00f3b z nami krok w przysz\u0142o\u015b\u0107.\" \/>\n<meta property=\"og:url\" content=\"https:\/\/archiwum.kortowiada.pl\/2024\/wydarzenia\/\" \/>\n<meta property=\"og:site_name\" content=\"Kortowiada 2024 - najwi\u0119ksze juwenalia | 22-25 maja 2024, Olsztyn\" \/>\n<meta property=\"article:publisher\" content=\"https:\/\/www.facebook.com\/kortowiadafestiwal\" \/>\n<meta property=\"article:modified_time\" content=\"2024-04-02T15:29:10+00:00\" \/>\n<meta property=\"og:image\" content=\"https:\/\/kortowiada.pl\/wp-content\/uploads\/2024\/03\/Festiwal-Gier-Planszowych-www-kortowiada-1920x1080.jpg\" \/>\n<meta name=\"twitter:card\" content=\"summary_large_image\" \/>\n<meta name=\"twitter:label1\" content=\"Szacowany czas czytania\" \/>\n\t<meta name=\"twitter:data1\" content=\"2 minuty\" \/>\n<script type=\"application\/ld+json\" class=\"yoast-schema-graph\">{\"@context\":\"https:\/\/schema.org\",\"@graph\":[{\"@type\":\"WebPage\",\"@id\":\"https:\/\/archiwum.kortowiada.pl\/2024\/wydarzenia\/\",\"url\":\"https:\/\/archiwum.kortowiada.pl\/2024\/wydarzenia\/\",\"name\":\"Wydarzenia - Kortowiada 2024 - najwi\u0119ksze juwenalia | 22-25 maja 2024, Olsztyn\",\"isPartOf\":{\"@id\":\"https:\/\/archiwum.kortowiada.pl\/2024\/#website\"},\"primaryImageOfPage\":{\"@id\":\"https:\/\/archiwum.kortowiada.pl\/2024\/wydarzenia\/#primaryimage\"},\"image\":{\"@id\":\"https:\/\/archiwum.kortowiada.pl\/2024\/wydarzenia\/#primaryimage\"},\"thumbnailUrl\":\"https:\/\/kortowiada.pl\/wp-content\/uploads\/2024\/03\/Festiwal-Gier-Planszowych-www-kortowiada-1920x1080.jpg\",\"datePublished\":\"2023-06-15T15:33:48+00:00\",\"dateModified\":\"2024-04-02T15:29:10+00:00\",\"description\":\"Future is coming! Kortowiada - juwenalia w Olsztynie - potrwa od 22 do 25 maja 2024 roku. Zr\u00f3b z nami krok w przysz\u0142o\u015b\u0107.\",\"breadcrumb\":{\"@id\":\"https:\/\/archiwum.kortowiada.pl\/2024\/wydarzenia\/#breadcrumb\"},\"inLanguage\":\"pl-PL\",\"potentialAction\":[{\"@type\":\"ReadAction\",\"target\":[\"https:\/\/archiwum.kortowiada.pl\/2024\/wydarzenia\/\"]}]},{\"@type\":\"ImageObject\",\"inLanguage\":\"pl-PL\",\"@id\":\"https:\/\/archiwum.kortowiada.pl\/2024\/wydarzenia\/#primaryimage\",\"url\":\"https:\/\/kortowiada.pl\/wp-content\/uploads\/2024\/03\/Festiwal-Gier-Planszowych-www-kortowiada-1920x1080.jpg\",\"contentUrl\":\"https:\/\/kortowiada.pl\/wp-content\/uploads\/2024\/03\/Festiwal-Gier-Planszowych-www-kortowiada-1920x1080.jpg\"},{\"@type\":\"BreadcrumbList\",\"@id\":\"https:\/\/archiwum.kortowiada.pl\/2024\/wydarzenia\/#breadcrumb\",\"itemListElement\":[{\"@type\":\"ListItem\",\"position\":1,\"name\":\"Strona g\u0142\u00f3wna\",\"item\":\"https:\/\/archiwum.kortowiada.pl\/2024\/\"},{\"@type\":\"ListItem\",\"position\":2,\"name\":\"Wydarzenia\"}]},{\"@type\":\"WebSite\",\"@id\":\"https:\/\/archiwum.kortowiada.pl\/2024\/#website\",\"url\":\"https:\/\/archiwum.kortowiada.pl\/2024\/\",\"name\":\"Kortowiada 2024 - najwi\u0119ksze juwenalia | 22-25 maja 2024, Olsztyn\",\"description\":\"Kortowiada - najwi\u0119kszy festiwal studencki w Polsce\",\"publisher\":{\"@id\":\"https:\/\/archiwum.kortowiada.pl\/2024\/#organization\"},\"alternateName\":\"Kortowiada 2024\",\"potentialAction\":[{\"@type\":\"SearchAction\",\"target\":{\"@type\":\"EntryPoint\",\"urlTemplate\":\"https:\/\/archiwum.kortowiada.pl\/2024\/?s={search_term_string}\"},\"query-input\":{\"@type\":\"PropertyValueSpecification\",\"valueRequired\":true,\"valueName\":\"search_term_string\"}}],\"inLanguage\":\"pl-PL\"},{\"@type\":\"Organization\",\"@id\":\"https:\/\/archiwum.kortowiada.pl\/2024\/#organization\",\"name\":\"Kortowiada\",\"url\":\"https:\/\/archiwum.kortowiada.pl\/2024\/\",\"logo\":{\"@type\":\"ImageObject\",\"inLanguage\":\"pl-PL\",\"@id\":\"https:\/\/archiwum.kortowiada.pl\/2024\/#\/schema\/logo\/image\/\",\"url\":\"https:\/\/kortowiada.pl\/wp-content\/uploads\/2023\/10\/profilowe.jpg\",\"contentUrl\":\"https:\/\/kortowiada.pl\/wp-content\/uploads\/2023\/10\/profilowe.jpg\",\"width\":1080,\"height\":1080,\"caption\":\"Kortowiada\"},\"image\":{\"@id\":\"https:\/\/archiwum.kortowiada.pl\/2024\/#\/schema\/logo\/image\/\"},\"sameAs\":[\"https:\/\/www.facebook.com\/kortowiadafestiwal\",\"https:\/\/www.instagram.com\/kortowiada\/\",\"https:\/\/open.spotify.com\/playlist\/6xTopylrt5MIlY4ABuHpVz?si=89d5873c42ad4e7d\",\"https:\/\/www.tiktok.com\/@kortowiada\",\"https:\/\/www.youtube.com\/channel\/UCZpuhjpJ2XlHxcbT4N2oyFQ\"],\"publishingPrinciples\":\"https:\/\/archiwum.kortowiada.pl\/2024\/aktualnosci\/\"}]}<\/script>\n<!-- \/ Yoast SEO Premium plugin. -->","yoast_head_json":{"title":"Wydarzenia - Kortowiada 2024 - najwi\u0119ksze juwenalia | 22-25 maja 2024, Olsztyn","description":"Future is coming! Kortowiada - juwenalia w Olsztynie - potrwa od 22 do 25 maja 2024 roku. Zr\u00f3b z nami krok w przysz\u0142o\u015b\u0107.","robots":{"index":"index","follow":"follow","max-snippet":"max-snippet:-1","max-image-preview":"max-image-preview:large","max-video-preview":"max-video-preview:-1"},"canonical":"https:\/\/archiwum.kortowiada.pl\/2024\/wydarzenia\/","og_locale":"pl_PL","og_type":"article","og_title":"Wydarzenia - Kortowiada 2024 - najwi\u0119ksze juwenalia | 22-25 maja 2024, Olsztyn","og_description":"Future is coming! Kortowiada - juwenalia w Olsztynie - potrwa od 22 do 25 maja 2024 roku. Zr\u00f3b z nami krok w przysz\u0142o\u015b\u0107.","og_url":"https:\/\/archiwum.kortowiada.pl\/2024\/wydarzenia\/","og_site_name":"Kortowiada 2024 - najwi\u0119ksze juwenalia | 22-25 maja 2024, Olsztyn","article_publisher":"https:\/\/www.facebook.com\/kortowiadafestiwal","article_modified_time":"2024-04-02T15:29:10+00:00","og_image":[{"url":"https:\/\/kortowiada.pl\/wp-content\/uploads\/2024\/03\/Festiwal-Gier-Planszowych-www-kortowiada-1920x1080.jpg"}],"twitter_card":"summary_large_image","twitter_misc":{"Szacowany czas czytania":"2 minuty"},"schema":{"@context":"https:\/\/schema.org","@graph":[{"@type":"WebPage","@id":"https:\/\/archiwum.kortowiada.pl\/2024\/wydarzenia\/","url":"https:\/\/archiwum.kortowiada.pl\/2024\/wydarzenia\/","name":"Wydarzenia - Kortowiada 2024 - najwi\u0119ksze juwenalia | 22-25 maja 2024, Olsztyn","isPartOf":{"@id":"https:\/\/archiwum.kortowiada.pl\/2024\/#website"},"primaryImageOfPage":{"@id":"https:\/\/archiwum.kortowiada.pl\/2024\/wydarzenia\/#primaryimage"},"image":{"@id":"https:\/\/archiwum.kortowiada.pl\/2024\/wydarzenia\/#primaryimage"},"thumbnailUrl":"https:\/\/kortowiada.pl\/wp-content\/uploads\/2024\/03\/Festiwal-Gier-Planszowych-www-kortowiada-1920x1080.jpg","datePublished":"2023-06-15T15:33:48+00:00","dateModified":"2024-04-02T15:29:10+00:00","description":"Future is coming! Kortowiada - juwenalia w Olsztynie - potrwa od 22 do 25 maja 2024 roku. Zr\u00f3b z nami krok w przysz\u0142o\u015b\u0107.","breadcrumb":{"@id":"https:\/\/archiwum.kortowiada.pl\/2024\/wydarzenia\/#breadcrumb"},"inLanguage":"pl-PL","potentialAction":[{"@type":"ReadAction","target":["https:\/\/archiwum.kortowiada.pl\/2024\/wydarzenia\/"]}]},{"@type":"ImageObject","inLanguage":"pl-PL","@id":"https:\/\/archiwum.kortowiada.pl\/2024\/wydarzenia\/#primaryimage","url":"https:\/\/kortowiada.pl\/wp-content\/uploads\/2024\/03\/Festiwal-Gier-Planszowych-www-kortowiada-1920x1080.jpg","contentUrl":"https:\/\/kortowiada.pl\/wp-content\/uploads\/2024\/03\/Festiwal-Gier-Planszowych-www-kortowiada-1920x1080.jpg"},{"@type":"BreadcrumbList","@id":"https:\/\/archiwum.kortowiada.pl\/2024\/wydarzenia\/#breadcrumb","itemListElement":[{"@type":"ListItem","position":1,"name":"Strona g\u0142\u00f3wna","item":"https:\/\/archiwum.kortowiada.pl\/2024\/"},{"@type":"ListItem","position":2,"name":"Wydarzenia"}]},{"@type":"WebSite","@id":"https:\/\/archiwum.kortowiada.pl\/2024\/#website","url":"https:\/\/archiwum.kortowiada.pl\/2024\/","name":"Kortowiada 2024 - najwi\u0119ksze juwenalia | 22-25 maja 2024, Olsztyn","description":"Kortowiada - najwi\u0119kszy festiwal studencki w Polsce","publisher":{"@id":"https:\/\/archiwum.kortowiada.pl\/2024\/#organization"},"alternateName":"Kortowiada 2024","potentialAction":[{"@type":"SearchAction","target":{"@type":"EntryPoint","urlTemplate":"https:\/\/archiwum.kortowiada.pl\/2024\/?s={search_term_string}"},"query-input":{"@type":"PropertyValueSpecification","valueRequired":true,"valueName":"search_term_string"}}],"inLanguage":"pl-PL"},{"@type":"Organization","@id":"https:\/\/archiwum.kortowiada.pl\/2024\/#organization","name":"Kortowiada","url":"https:\/\/archiwum.kortowiada.pl\/2024\/","logo":{"@type":"ImageObject","inLanguage":"pl-PL","@id":"https:\/\/archiwum.kortowiada.pl\/2024\/#\/schema\/logo\/image\/","url":"https:\/\/kortowiada.pl\/wp-content\/uploads\/2023\/10\/profilowe.jpg","contentUrl":"https:\/\/kortowiada.pl\/wp-content\/uploads\/2023\/10\/profilowe.jpg","width":1080,"height":1080,"caption":"Kortowiada"},"image":{"@id":"https:\/\/archiwum.kortowiada.pl\/2024\/#\/schema\/logo\/image\/"},"sameAs":["https:\/\/www.facebook.com\/kortowiadafestiwal","https:\/\/www.instagram.com\/kortowiada\/","https:\/\/open.spotify.com\/playlist\/6xTopylrt5MIlY4ABuHpVz?si=89d5873c42ad4e7d","https:\/\/www.tiktok.com\/@kortowiada","https:\/\/www.youtube.com\/channel\/UCZpuhjpJ2XlHxcbT4N2oyFQ"],"publishingPrinciples":"https:\/\/archiwum.kortowiada.pl\/2024\/aktualnosci\/"}]}},"_links":{"self":[{"href":"https:\/\/archiwum.kortowiada.pl\/2024\/wp-json\/wp\/v2\/pages\/2162","targetHints":{"allow":["GET"]}}],"collection":[{"href":"https:\/\/archiwum.kortowiada.pl\/2024\/wp-json\/wp\/v2\/pages"}],"about":[{"href":"https:\/\/archiwum.kortowiada.pl\/2024\/wp-json\/wp\/v2\/types\/page"}],"author":[{"embeddable":true,"href":"https:\/\/archiwum.kortowiada.pl\/2024\/wp-json\/wp\/v2\/users\/3"}],"replies":[{"embeddable":true,"href":"https:\/\/archiwum.kortowiada.pl\/2024\/wp-json\/wp\/v2\/comments?post=2162"}],"version-history":[{"count":79,"href":"https:\/\/archiwum.kortowiada.pl\/2024\/wp-json\/wp\/v2\/pages\/2162\/revisions"}],"predecessor-version":[{"id":4775,"href":"https:\/\/archiwum.kortowiada.pl\/2024\/wp-json\/wp\/v2\/pages\/2162\/revisions\/4775"}],"wp:attachment":[{"href":"https:\/\/archiwum.kortowiada.pl\/2024\/wp-json\/wp\/v2\/media?parent=2162"}],"curies":[{"name":"wp","href":"https:\/\/api.w.org\/{rel}","templated":true}]}}