{"id":389,"date":"2023-05-30T09:24:32","date_gmt":"2023-05-30T07:24:32","guid":{"rendered":"https:\/\/wgl-demo.net\/itconf\/?page_id=389"},"modified":"2023-09-27T16:40:48","modified_gmt":"2023-09-27T14:40:48","slug":"aktualnosci","status":"publish","type":"page","link":"https:\/\/archiwum.kortowiada.pl\/2024\/aktualnosci\/","title":{"rendered":"Aktualno\u015bci"},"content":{"rendered":"\t\t<div data-elementor-type=\"wp-page\" data-elementor-id=\"389\" class=\"elementor elementor-389\">\n\t\t\t\t\t\t<section class=\"elementor-section elementor-top-section elementor-element elementor-element-df1372a elementor-section-boxed elementor-section-height-default elementor-section-height-default\" data-id=\"df1372a\" data-element_type=\"section\">\n\t\t\t\t\t\t<div class=\"elementor-container elementor-column-gap-default\">\n\t\t\t\t\t<div class=\"elementor-column elementor-col-100 elementor-top-column elementor-element elementor-element-5a49844\" data-id=\"5a49844\" data-element_type=\"column\">\n\t\t\t<div class=\"elementor-widget-wrap elementor-element-populated\">\n\t\t\t\t\t\t<div class=\"elementor-element elementor-element-912dd7e elementor-widget__width-initial nav-left elementor-widget elementor-widget-wgl-blog\" data-id=\"912dd7e\" data-element_type=\"widget\" data-settings=\"{&quot;blog_columns&quot;:&quot;12&quot;}\" data-widget_type=\"wgl-blog.default\">\n\t\t\t\t<div class=\"elementor-widget-container\">\n\t\t\t<section class=\"wgl_cpt_section\"><div class=\"blog-posts\"><div class=\"container-grid row blog_columns-1 grid blog-style-standard\">    <div class=\"item wgl_col-12\">\n    <div class=\"blog-post format-standard-image\">\n    <div class=\"blog-post_wrapper\"><div class=\"blog-post_media\"><div class=\"blog-post_media_part\"><a href=\"https:\/\/archiwum.kortowiada.pl\/2024\/kortowiada-najlepszym-festiwalem-na-warmii-i-mazurach\/\" class=\"media-link image-overlay\"><img decoding=\"async\" src=\"https:\/\/archiwum.kortowiada.pl\/2024\/wp-content\/uploads\/2024\/08\/1-wwww-1170x658.png\" alt=\"1-wwww\"><\/a><\/div><span class=\"post_date\">2024-08-15<\/span><\/div>    <div class=\"blog-post_content\"><div class=\"post_meta-wrap\"><\/div><h3 class=\"blog-post_title\"><a href=\"https:\/\/archiwum.kortowiada.pl\/2024\/kortowiada-najlepszym-festiwalem-na-warmii-i-mazurach\/\">Kortowiada najlepszym festiwalem na Warmii i Mazurach!<\/a><\/h3><div class=\"blog-post_text\">Kortowiada, to z pewno\u015bci\u0105 jedna z najwi\u0119kszych imprez, jakie organizowane s\u0105 w Olsztynie. Ka\u017cdego roku go\u015bcimy dziesi\u0105tki tysi\u0119cy uczestnik\u00f3w \u2013 w tym roku przesz\u0142o 48 000 os\u00f3b wzi\u0119\u0142o udzia\u0142 we...<\/div><div class=\"clear\"><\/div><div class=\"blog-post_footer\">            <div class=\"read-more-wrap\">\n                <a href=\"https:\/\/archiwum.kortowiada.pl\/2024\/kortowiada-najlepszym-festiwalem-na-warmii-i-mazurach\/\" class=\"button-read-more \"><span>wi\u0119cej<\/span>                <\/a>\n            <\/div><div class=\"post_meta-wrap\"><\/div>    <\/div>\n    <\/div>\n    <\/div>\n    <\/div>\n    <\/div>    <div class=\"item wgl_col-12\">\n    <div class=\"blog-post format-standard-image\">\n    <div class=\"blog-post_wrapper\"><div class=\"blog-post_media\"><div class=\"blog-post_media_part\"><a href=\"https:\/\/archiwum.kortowiada.pl\/2024\/galeria-zdjec-z-kortowiady-2024\/\" class=\"media-link image-overlay\"><img decoding=\"async\" src=\"https:\/\/archiwum.kortowiada.pl\/2024\/wp-content\/uploads\/2024\/07\/MKO-ludzie-32-1170x658.jpg\" alt=\"MKO-ludzie-32\"><\/a><\/div><span class=\"post_date\">2024-07-18<\/span><\/div>    <div class=\"blog-post_content\"><div class=\"post_meta-wrap\"><\/div><h3 class=\"blog-post_title\"><a href=\"https:\/\/archiwum.kortowiada.pl\/2024\/galeria-zdjec-z-kortowiady-2024\/\">Galeria zdj\u0119\u0107 z Kortowiady 2024<\/a><\/h3><div class=\"blog-post_text\">Dostali\u015bmy od Was wiele pyta\u0144 o to, gdzie mo\u017cna zobaczy\u0107 zdj\u0119cia, kt\u00f3re nasi wspaniali fotografowie robili w r\u00f3\u017cnych miejscach Kortowa. Wiele z nich publikujemy na naszym Facebooku oraz Instagramie,...<\/div><div class=\"clear\"><\/div><div class=\"blog-post_footer\">            <div class=\"read-more-wrap\">\n                <a href=\"https:\/\/archiwum.kortowiada.pl\/2024\/galeria-zdjec-z-kortowiady-2024\/\" class=\"button-read-more \"><span>wi\u0119cej<\/span>                <\/a>\n            <\/div><div class=\"post_meta-wrap\"><\/div>    <\/div>\n    <\/div>\n    <\/div>\n    <\/div>\n    <\/div>    <div class=\"item wgl_col-12\">\n    <div class=\"blog-post format-standard-image\">\n    <div class=\"blog-post_wrapper\"><div class=\"blog-post_media\"><div class=\"blog-post_media_part\"><a href=\"https:\/\/archiwum.kortowiada.pl\/2024\/az-48-000-osob-uczestniczylo-w-kortowiadzie-2024\/\" class=\"media-link image-overlay\"><img decoding=\"async\" src=\"https:\/\/archiwum.kortowiada.pl\/2024\/wp-content\/uploads\/2024\/07\/liczba-uczestnikow-www-1170x658.jpg\" alt=\"liczba-uczestnikow-www\"><\/a><\/div><span class=\"post_date\">2024-07-18<\/span><\/div>    <div class=\"blog-post_content\"><div class=\"post_meta-wrap\"><\/div><h3 class=\"blog-post_title\"><a href=\"https:\/\/archiwum.kortowiada.pl\/2024\/az-48-000-osob-uczestniczylo-w-kortowiadzie-2024\/\">A\u017c 48 000 os\u00f3b uczestniczy\u0142o w Kortowiadzie 2024!<\/a><\/h3><div class=\"blog-post_text\">Kortowiada 2024 przynios\u0142a mas\u0119 pi\u0119knych wspomnie\u0144 zar\u00f3wno nam, jak i uczestnikom. Bardzo si\u0119 cieszymy, \u017ce tak t\u0142umnie przybyli\u015bcie do Kortowa podczas tego wyj\u0105tkowego majowego tygodnia &#8211; we...<\/div><div class=\"clear\"><\/div><div class=\"blog-post_footer\">            <div class=\"read-more-wrap\">\n                <a href=\"https:\/\/archiwum.kortowiada.pl\/2024\/az-48-000-osob-uczestniczylo-w-kortowiadzie-2024\/\" class=\"button-read-more \"><span>wi\u0119cej<\/span>                <\/a>\n            <\/div><div class=\"post_meta-wrap\"><\/div>    <\/div>\n    <\/div>\n    <\/div>\n    <\/div>\n    <\/div>    <div class=\"item wgl_col-12\">\n    <div class=\"blog-post format-standard-image\">\n    <div class=\"blog-post_wrapper\"><div class=\"blog-post_media\"><div class=\"blog-post_media_part\"><a href=\"https:\/\/archiwum.kortowiada.pl\/2024\/kortowiadowy-festiwal-gier-planszowych-zachwycil-po-raz-kolejny\/\" class=\"media-link image-overlay\"><img decoding=\"async\" src=\"https:\/\/archiwum.kortowiada.pl\/2024\/wp-content\/uploads\/2024\/05\/240525-KB-planszowki-3-1-scaled-1170x658.jpg\" alt=\"240525-KB-plansz\u00f3wki-3 (1)\"><\/a><\/div><span class=\"post_date\">2024-05-27<\/span><\/div>    <div class=\"blog-post_content\"><div class=\"post_meta-wrap\"><\/div><h3 class=\"blog-post_title\"><a href=\"https:\/\/archiwum.kortowiada.pl\/2024\/kortowiadowy-festiwal-gier-planszowych-zachwycil-po-raz-kolejny\/\">Kortowiadowy Festiwal Gier Planszowych zachwyci\u0142 po raz kolejny!<\/a><\/h3><div class=\"blog-post_text\">Dzi\u0119kujemy za przybycie na nasz Festiwal Gier Planszowych! Mamy nadziej\u0119, \u017ce poznali\u015bcie jakie\u015b nowe plansz\u00f3wki i sp\u0119dzili\u015bcie mi\u0142o czas &#x1f3b2;&#x1f52e;\nfot. Mateusz Kowalski, Kaja Bandura<\/div><div class=\"clear\"><\/div><div class=\"blog-post_footer\">            <div class=\"read-more-wrap\">\n                <a href=\"https:\/\/archiwum.kortowiada.pl\/2024\/kortowiadowy-festiwal-gier-planszowych-zachwycil-po-raz-kolejny\/\" class=\"button-read-more \"><span>wi\u0119cej<\/span>                <\/a>\n            <\/div><div class=\"post_meta-wrap\"><\/div>    <\/div>\n    <\/div>\n    <\/div>\n    <\/div>\n    <\/div>    <div class=\"item wgl_col-12\">\n    <div class=\"blog-post format-standard-image\">\n    <div class=\"blog-post_wrapper\"><div class=\"blog-post_media\"><div class=\"blog-post_media_part\"><a href=\"https:\/\/archiwum.kortowiada.pl\/2024\/mieszkancy-ds119-zwyciezyli-lige-akademikow\/\" class=\"media-link image-overlay\"><img decoding=\"async\" src=\"https:\/\/archiwum.kortowiada.pl\/2024\/wp-content\/uploads\/2024\/05\/240525-SJ-BOJ-AKADEMIKOW-9-1170x658.jpg\" alt=\"240525-SJ-BO\u0301J AKADEMIKO\u0301W-9\"><\/a><\/div><span class=\"post_date\">2024-05-27<\/span><\/div>    <div class=\"blog-post_content\"><div class=\"post_meta-wrap\"><\/div><h3 class=\"blog-post_title\"><a href=\"https:\/\/archiwum.kortowiada.pl\/2024\/mieszkancy-ds119-zwyciezyli-lige-akademikow\/\">Mieszka\u0144cy DS119 zwyci\u0119\u017cyli Lig\u0119 Akademik\u00f3w!<\/a><\/h3><div class=\"blog-post_text\">Poznali\u015bmy dzi\u015b zwyci\u0119zc\u00f3w Ligi Akademik\u00f3w &#8211; mieszka\u0144cy DS119 pokonali wszystkich przeciwnik\u00f3w w \u0142\u0105cznej punktacji tej rywalizacji! &#x1f52e;\nfot. Szymon Jagielski<\/div><div class=\"clear\"><\/div><div class=\"blog-post_footer\">            <div class=\"read-more-wrap\">\n                <a href=\"https:\/\/archiwum.kortowiada.pl\/2024\/mieszkancy-ds119-zwyciezyli-lige-akademikow\/\" class=\"button-read-more \"><span>wi\u0119cej<\/span>                <\/a>\n            <\/div><div class=\"post_meta-wrap\"><\/div>    <\/div>\n    <\/div>\n    <\/div>\n    <\/div>\n    <\/div>    <div class=\"item wgl_col-12\">\n    <div class=\"blog-post format-standard-image\">\n    <div class=\"blog-post_wrapper\"><div class=\"blog-post_media\"><div class=\"blog-post_media_part\"><a href=\"https:\/\/archiwum.kortowiada.pl\/2024\/kortowiada-trwa\/\" class=\"media-link image-overlay\"><img decoding=\"async\" src=\"https:\/\/archiwum.kortowiada.pl\/2024\/wp-content\/uploads\/2024\/05\/240522-KB-mecz-30-scaled-1170x658.jpg\" alt=\"240522-KB-mecz-30\"><\/a><\/div><span class=\"post_date\">2024-05-25<\/span><\/div>    <div class=\"blog-post_content\"><div class=\"post_meta-wrap\"><\/div><h3 class=\"blog-post_title\"><a href=\"https:\/\/archiwum.kortowiada.pl\/2024\/kortowiada-trwa\/\">Kortowiada trwa!<\/a><\/h3><div class=\"blog-post_text\">Trwa Kortowiada, czyli jedna z najwi\u0119kszych imprez w regionie i z ca\u0142\u0105 pewno\u015bci\u0105 najhuczniej obchodzone w Polsce \u015bwi\u0119to studenckie. Uczestnicy wzi\u0119li ju\u017c udzia\u0142 w wielu wydarzeniach, zar\u00f3wno tych,...<\/div><div class=\"clear\"><\/div><div class=\"blog-post_footer\">            <div class=\"read-more-wrap\">\n                <a href=\"https:\/\/archiwum.kortowiada.pl\/2024\/kortowiada-trwa\/\" class=\"button-read-more \"><span>wi\u0119cej<\/span>                <\/a>\n            <\/div><div class=\"post_meta-wrap\"><\/div>    <\/div>\n    <\/div>\n    <\/div>\n    <\/div>\n    <\/div>    <div class=\"item wgl_col-12\">\n    <div class=\"blog-post format-standard-image\">\n    <div class=\"blog-post_wrapper\"><div class=\"blog-post_media\"><div class=\"blog-post_media_part\"><a href=\"https:\/\/archiwum.kortowiada.pl\/2024\/mamy-w-kortowie-prawdziwych-silaczy\/\" class=\"media-link image-overlay\"><img decoding=\"async\" src=\"https:\/\/archiwum.kortowiada.pl\/2024\/wp-content\/uploads\/2024\/05\/240524-SJ-KORTOSTRONG-20-1170x658.jpg\" alt=\"240524-SJ-KORTOSTRONG-20\"><\/a><\/div><span class=\"post_date\">2024-05-24<\/span><\/div>    <div class=\"blog-post_content\"><div class=\"post_meta-wrap\"><\/div><h3 class=\"blog-post_title\"><a href=\"https:\/\/archiwum.kortowiada.pl\/2024\/mamy-w-kortowie-prawdziwych-silaczy\/\">Mamy w Kortowie prawdziwych si\u0142aczy!<\/a><\/h3><div class=\"blog-post_text\">Pierwszym z dzisiejszych wydarze\u0144 studenckich by\u0142 Kortostrong &#8211; na Boisku przy starej p\u0119tli zgromadzi\u0142a si\u0119 poka\u017ana grupa tych najsilniejszych &#x1f4aa;\nMamy kilka s\u0142onecznych uj\u0119\u0107 z tych...<\/div><div class=\"clear\"><\/div><div class=\"blog-post_footer\">            <div class=\"read-more-wrap\">\n                <a href=\"https:\/\/archiwum.kortowiada.pl\/2024\/mamy-w-kortowie-prawdziwych-silaczy\/\" class=\"button-read-more \"><span>wi\u0119cej<\/span>                <\/a>\n            <\/div><div class=\"post_meta-wrap\"><\/div>    <\/div>\n    <\/div>\n    <\/div>\n    <\/div>\n    <\/div><\/div><\/div><ul class=\"wgl-pagination\"><li class='page'><span aria-current=\"page\" class=\"page-numbers current\">1<\/span><\/li><li class='page'><a class=\"page-numbers\" href=\"https:\/\/archiwum.kortowiada.pl\/2024\/wp-json\/wp\/v2\/pages\/389\/page\/2\/\">2<\/a><\/li><li class='page'><a class=\"page-numbers\" href=\"https:\/\/archiwum.kortowiada.pl\/2024\/wp-json\/wp\/v2\/pages\/389\/page\/3\/\">3<\/a><\/li><li class='page'><span class=\"page-numbers dots\">&hellip;<\/span><\/li><li class='page'><a class=\"page-numbers\" href=\"https:\/\/archiwum.kortowiada.pl\/2024\/wp-json\/wp\/v2\/pages\/389\/page\/6\/\">6<\/a><\/li><li class='page'><a class=\"next page-numbers\" href=\"https:\/\/archiwum.kortowiada.pl\/2024\/wp-json\/wp\/v2\/pages\/389\/page\/2\/\"><i class=\"wgl_pagination_next flaticon flaticon-right\"><\/i><\/a><\/li><\/ul><\/section>\t\t<\/div>\n\t\t\t\t<\/div>\n\t\t\t\t\t<\/div>\n\t\t<\/div>\n\t\t\t\t\t<\/div>\n\t\t<\/section>\n\t\t\t\t<\/div>\n\t\t","protected":false},"excerpt":{"rendered":"<p>2023-09-15 Witaj, \u015bwiecie! Witamy w WordPressie. To jest tw\u00f3j pierwszy wpis. Edytuj go lub usu\u0144, a nast\u0119pnie zacznij pisa\u0107! wi\u0119cej 2023-05-30 AI REVOLUTIONIZING INDUSTRIES Artificial Intelligence (AI) and digital technologies are transforming the world in unprecedented ways. From healthcare to finance, education to entertainment, these technologies are revolutionizing&#8230; wi\u0119cej 2023-05-30 CHATBOTS AND VIRTUAL ASSISTANTS Artificial [&hellip;]<\/p>\n","protected":false},"author":3,"featured_media":0,"parent":0,"menu_order":0,"comment_status":"closed","ping_status":"closed","template":"","meta":{"footnotes":""},"class_list":["post-389","page","type-page","status-publish","hentry"],"yoast_head":"<!-- This site is optimized with the Yoast SEO Premium plugin v23.3 (Yoast SEO v23.4) - https:\/\/yoast.com\/wordpress\/plugins\/seo\/ -->\n<title>Aktualno\u015bci - Kortowiada 2024 - najwi\u0119ksze juwenalia | 22-25 maja 2024, Olsztyn<\/title>\n<meta name=\"description\" content=\"Future is coming! Kortowiada - juwenalia w Olsztynie - potrwa od 22 do 25 maja 2024 roku. Zr\u00f3b z nami krok w przysz\u0142o\u015b\u0107.\" \/>\n<meta name=\"robots\" content=\"index, follow, max-snippet:-1, max-image-preview:large, max-video-preview:-1\" \/>\n<link rel=\"canonical\" href=\"https:\/\/archiwum.kortowiada.pl\/2024\/aktualnosci\/\" \/>\n<meta property=\"og:locale\" content=\"pl_PL\" \/>\n<meta property=\"og:type\" content=\"article\" \/>\n<meta property=\"og:title\" content=\"Aktualno\u015bci - Kortowiada 2024 - najwi\u0119ksze juwenalia | 22-25 maja 2024, Olsztyn\" \/>\n<meta property=\"og:description\" content=\"Future is coming! Kortowiada - juwenalia w Olsztynie - potrwa od 22 do 25 maja 2024 roku. Zr\u00f3b z nami krok w przysz\u0142o\u015b\u0107.\" \/>\n<meta property=\"og:url\" content=\"https:\/\/archiwum.kortowiada.pl\/2024\/aktualnosci\/\" \/>\n<meta property=\"og:site_name\" content=\"Kortowiada 2024 - najwi\u0119ksze juwenalia | 22-25 maja 2024, Olsztyn\" \/>\n<meta property=\"article:publisher\" content=\"https:\/\/www.facebook.com\/kortowiadafestiwal\" \/>\n<meta property=\"article:modified_time\" content=\"2023-09-27T14:40:48+00:00\" \/>\n<meta property=\"og:image\" content=\"https:\/\/kortowiada.pl\/wp-content\/uploads\/2023\/09\/1366x768-1170x658.png\" \/>\n<meta name=\"twitter:card\" content=\"summary_large_image\" \/>\n<script type=\"application\/ld+json\" class=\"yoast-schema-graph\">{\"@context\":\"https:\/\/schema.org\",\"@graph\":[{\"@type\":\"WebPage\",\"@id\":\"https:\/\/archiwum.kortowiada.pl\/2024\/aktualnosci\/\",\"url\":\"https:\/\/archiwum.kortowiada.pl\/2024\/aktualnosci\/\",\"name\":\"Aktualno\u015bci - Kortowiada 2024 - najwi\u0119ksze juwenalia | 22-25 maja 2024, Olsztyn\",\"isPartOf\":{\"@id\":\"https:\/\/archiwum.kortowiada.pl\/2024\/#website\"},\"primaryImageOfPage\":{\"@id\":\"https:\/\/archiwum.kortowiada.pl\/2024\/aktualnosci\/#primaryimage\"},\"image\":{\"@id\":\"https:\/\/archiwum.kortowiada.pl\/2024\/aktualnosci\/#primaryimage\"},\"thumbnailUrl\":\"https:\/\/kortowiada.pl\/wp-content\/uploads\/2023\/09\/1366x768-1170x658.png\",\"datePublished\":\"2023-05-30T07:24:32+00:00\",\"dateModified\":\"2023-09-27T14:40:48+00:00\",\"description\":\"Future is coming! Kortowiada - juwenalia w Olsztynie - potrwa od 22 do 25 maja 2024 roku. Zr\u00f3b z nami krok w przysz\u0142o\u015b\u0107.\",\"breadcrumb\":{\"@id\":\"https:\/\/archiwum.kortowiada.pl\/2024\/aktualnosci\/#breadcrumb\"},\"inLanguage\":\"pl-PL\",\"potentialAction\":[{\"@type\":\"ReadAction\",\"target\":[\"https:\/\/archiwum.kortowiada.pl\/2024\/aktualnosci\/\"]}]},{\"@type\":\"ImageObject\",\"inLanguage\":\"pl-PL\",\"@id\":\"https:\/\/archiwum.kortowiada.pl\/2024\/aktualnosci\/#primaryimage\",\"url\":\"https:\/\/kortowiada.pl\/wp-content\/uploads\/2023\/09\/1366x768-1170x658.png\",\"contentUrl\":\"https:\/\/kortowiada.pl\/wp-content\/uploads\/2023\/09\/1366x768-1170x658.png\"},{\"@type\":\"BreadcrumbList\",\"@id\":\"https:\/\/archiwum.kortowiada.pl\/2024\/aktualnosci\/#breadcrumb\",\"itemListElement\":[{\"@type\":\"ListItem\",\"position\":1,\"name\":\"Strona g\u0142\u00f3wna\",\"item\":\"https:\/\/archiwum.kortowiada.pl\/2024\/\"},{\"@type\":\"ListItem\",\"position\":2,\"name\":\"Aktualno\u015bci\"}]},{\"@type\":\"WebSite\",\"@id\":\"https:\/\/archiwum.kortowiada.pl\/2024\/#website\",\"url\":\"https:\/\/archiwum.kortowiada.pl\/2024\/\",\"name\":\"Kortowiada 2024 - najwi\u0119ksze juwenalia | 22-25 maja 2024, Olsztyn\",\"description\":\"Kortowiada - najwi\u0119kszy festiwal studencki w Polsce\",\"publisher\":{\"@id\":\"https:\/\/archiwum.kortowiada.pl\/2024\/#organization\"},\"alternateName\":\"Kortowiada 2024\",\"potentialAction\":[{\"@type\":\"SearchAction\",\"target\":{\"@type\":\"EntryPoint\",\"urlTemplate\":\"https:\/\/archiwum.kortowiada.pl\/2024\/?s={search_term_string}\"},\"query-input\":{\"@type\":\"PropertyValueSpecification\",\"valueRequired\":true,\"valueName\":\"search_term_string\"}}],\"inLanguage\":\"pl-PL\"},{\"@type\":\"Organization\",\"@id\":\"https:\/\/archiwum.kortowiada.pl\/2024\/#organization\",\"name\":\"Kortowiada\",\"url\":\"https:\/\/archiwum.kortowiada.pl\/2024\/\",\"logo\":{\"@type\":\"ImageObject\",\"inLanguage\":\"pl-PL\",\"@id\":\"https:\/\/archiwum.kortowiada.pl\/2024\/#\/schema\/logo\/image\/\",\"url\":\"https:\/\/kortowiada.pl\/wp-content\/uploads\/2023\/10\/profilowe.jpg\",\"contentUrl\":\"https:\/\/kortowiada.pl\/wp-content\/uploads\/2023\/10\/profilowe.jpg\",\"width\":1080,\"height\":1080,\"caption\":\"Kortowiada\"},\"image\":{\"@id\":\"https:\/\/archiwum.kortowiada.pl\/2024\/#\/schema\/logo\/image\/\"},\"sameAs\":[\"https:\/\/www.facebook.com\/kortowiadafestiwal\",\"https:\/\/www.instagram.com\/kortowiada\/\",\"https:\/\/open.spotify.com\/playlist\/6xTopylrt5MIlY4ABuHpVz?si=89d5873c42ad4e7d\",\"https:\/\/www.tiktok.com\/@kortowiada\",\"https:\/\/www.youtube.com\/channel\/UCZpuhjpJ2XlHxcbT4N2oyFQ\"],\"publishingPrinciples\":\"https:\/\/archiwum.kortowiada.pl\/2024\/aktualnosci\/\"}]}<\/script>\n<!-- \/ Yoast SEO Premium plugin. -->","yoast_head_json":{"title":"Aktualno\u015bci - Kortowiada 2024 - najwi\u0119ksze juwenalia | 22-25 maja 2024, Olsztyn","description":"Future is coming! Kortowiada - juwenalia w Olsztynie - potrwa od 22 do 25 maja 2024 roku. Zr\u00f3b z nami krok w przysz\u0142o\u015b\u0107.","robots":{"index":"index","follow":"follow","max-snippet":"max-snippet:-1","max-image-preview":"max-image-preview:large","max-video-preview":"max-video-preview:-1"},"canonical":"https:\/\/archiwum.kortowiada.pl\/2024\/aktualnosci\/","og_locale":"pl_PL","og_type":"article","og_title":"Aktualno\u015bci - Kortowiada 2024 - najwi\u0119ksze juwenalia | 22-25 maja 2024, Olsztyn","og_description":"Future is coming! Kortowiada - juwenalia w Olsztynie - potrwa od 22 do 25 maja 2024 roku. Zr\u00f3b z nami krok w przysz\u0142o\u015b\u0107.","og_url":"https:\/\/archiwum.kortowiada.pl\/2024\/aktualnosci\/","og_site_name":"Kortowiada 2024 - najwi\u0119ksze juwenalia | 22-25 maja 2024, Olsztyn","article_publisher":"https:\/\/www.facebook.com\/kortowiadafestiwal","article_modified_time":"2023-09-27T14:40:48+00:00","og_image":[{"url":"https:\/\/kortowiada.pl\/wp-content\/uploads\/2023\/09\/1366x768-1170x658.png"}],"twitter_card":"summary_large_image","schema":{"@context":"https:\/\/schema.org","@graph":[{"@type":"WebPage","@id":"https:\/\/archiwum.kortowiada.pl\/2024\/aktualnosci\/","url":"https:\/\/archiwum.kortowiada.pl\/2024\/aktualnosci\/","name":"Aktualno\u015bci - Kortowiada 2024 - najwi\u0119ksze juwenalia | 22-25 maja 2024, Olsztyn","isPartOf":{"@id":"https:\/\/archiwum.kortowiada.pl\/2024\/#website"},"primaryImageOfPage":{"@id":"https:\/\/archiwum.kortowiada.pl\/2024\/aktualnosci\/#primaryimage"},"image":{"@id":"https:\/\/archiwum.kortowiada.pl\/2024\/aktualnosci\/#primaryimage"},"thumbnailUrl":"https:\/\/kortowiada.pl\/wp-content\/uploads\/2023\/09\/1366x768-1170x658.png","datePublished":"2023-05-30T07:24:32+00:00","dateModified":"2023-09-27T14:40:48+00:00","description":"Future is coming! Kortowiada - juwenalia w Olsztynie - potrwa od 22 do 25 maja 2024 roku. Zr\u00f3b z nami krok w przysz\u0142o\u015b\u0107.","breadcrumb":{"@id":"https:\/\/archiwum.kortowiada.pl\/2024\/aktualnosci\/#breadcrumb"},"inLanguage":"pl-PL","potentialAction":[{"@type":"ReadAction","target":["https:\/\/archiwum.kortowiada.pl\/2024\/aktualnosci\/"]}]},{"@type":"ImageObject","inLanguage":"pl-PL","@id":"https:\/\/archiwum.kortowiada.pl\/2024\/aktualnosci\/#primaryimage","url":"https:\/\/kortowiada.pl\/wp-content\/uploads\/2023\/09\/1366x768-1170x658.png","contentUrl":"https:\/\/kortowiada.pl\/wp-content\/uploads\/2023\/09\/1366x768-1170x658.png"},{"@type":"BreadcrumbList","@id":"https:\/\/archiwum.kortowiada.pl\/2024\/aktualnosci\/#breadcrumb","itemListElement":[{"@type":"ListItem","position":1,"name":"Strona g\u0142\u00f3wna","item":"https:\/\/archiwum.kortowiada.pl\/2024\/"},{"@type":"ListItem","position":2,"name":"Aktualno\u015bci"}]},{"@type":"WebSite","@id":"https:\/\/archiwum.kortowiada.pl\/2024\/#website","url":"https:\/\/archiwum.kortowiada.pl\/2024\/","name":"Kortowiada 2024 - najwi\u0119ksze juwenalia | 22-25 maja 2024, Olsztyn","description":"Kortowiada - najwi\u0119kszy festiwal studencki w Polsce","publisher":{"@id":"https:\/\/archiwum.kortowiada.pl\/2024\/#organization"},"alternateName":"Kortowiada 2024","potentialAction":[{"@type":"SearchAction","target":{"@type":"EntryPoint","urlTemplate":"https:\/\/archiwum.kortowiada.pl\/2024\/?s={search_term_string}"},"query-input":{"@type":"PropertyValueSpecification","valueRequired":true,"valueName":"search_term_string"}}],"inLanguage":"pl-PL"},{"@type":"Organization","@id":"https:\/\/archiwum.kortowiada.pl\/2024\/#organization","name":"Kortowiada","url":"https:\/\/archiwum.kortowiada.pl\/2024\/","logo":{"@type":"ImageObject","inLanguage":"pl-PL","@id":"https:\/\/archiwum.kortowiada.pl\/2024\/#\/schema\/logo\/image\/","url":"https:\/\/kortowiada.pl\/wp-content\/uploads\/2023\/10\/profilowe.jpg","contentUrl":"https:\/\/kortowiada.pl\/wp-content\/uploads\/2023\/10\/profilowe.jpg","width":1080,"height":1080,"caption":"Kortowiada"},"image":{"@id":"https:\/\/archiwum.kortowiada.pl\/2024\/#\/schema\/logo\/image\/"},"sameAs":["https:\/\/www.facebook.com\/kortowiadafestiwal","https:\/\/www.instagram.com\/kortowiada\/","https:\/\/open.spotify.com\/playlist\/6xTopylrt5MIlY4ABuHpVz?si=89d5873c42ad4e7d","https:\/\/www.tiktok.com\/@kortowiada","https:\/\/www.youtube.com\/channel\/UCZpuhjpJ2XlHxcbT4N2oyFQ"],"publishingPrinciples":"https:\/\/archiwum.kortowiada.pl\/2024\/aktualnosci\/"}]}},"_links":{"self":[{"href":"https:\/\/archiwum.kortowiada.pl\/2024\/wp-json\/wp\/v2\/pages\/389","targetHints":{"allow":["GET"]}}],"collection":[{"href":"https:\/\/archiwum.kortowiada.pl\/2024\/wp-json\/wp\/v2\/pages"}],"about":[{"href":"https:\/\/archiwum.kortowiada.pl\/2024\/wp-json\/wp\/v2\/types\/page"}],"author":[{"embeddable":true,"href":"https:\/\/archiwum.kortowiada.pl\/2024\/wp-json\/wp\/v2\/users\/3"}],"replies":[{"embeddable":true,"href":"https:\/\/archiwum.kortowiada.pl\/2024\/wp-json\/wp\/v2\/comments?post=389"}],"version-history":[{"count":4,"href":"https:\/\/archiwum.kortowiada.pl\/2024\/wp-json\/wp\/v2\/pages\/389\/revisions"}],"predecessor-version":[{"id":3562,"href":"https:\/\/archiwum.kortowiada.pl\/2024\/wp-json\/wp\/v2\/pages\/389\/revisions\/3562"}],"wp:attachment":[{"href":"https:\/\/archiwum.kortowiada.pl\/2024\/wp-json\/wp\/v2\/media?parent=389"}],"curies":[{"name":"wp","href":"https:\/\/api.w.org\/{rel}","templated":true}]}}